divide 2059221?
True
Does 173 divide 1284352?
True
Does 129 divide 3751606?
False
Does 14 divide 12111913?
False
Is 101814 a multiple of 239?
True
Is 644934 a multiple of 282?
True
Is 317 a factor of 75347?
False
Is 113283 a multiple of 3?
True
Is 28770 a multiple of 30?
True
Does 207 divide 964781?
False
Is 68358 a multiple of 6?
True
Is 4040304 a multiple of 8?
True
Does 120 divide 1218840?
True
Is 240 a factor of 53776?
False
Is 12 a factor of 111677?
False
Does 830 divide 6928153?
False
Is 266 a factor of 1744960?
True
Is 21 a factor of 1796261?
False
Does 57 divide 219222?
True
Is 266 a factor of 755845?
False
Is 6 a factor of 47097?
False
Is 284919 a multiple of 99?
False
Is 3636779 a multiple of 95?
False
Is 80640 a multiple of 429?
False
Does 22 divide 227230?
False
Does 255 divide 3781650?
True
Is 5010580 a multiple of 101?
False
Is 132561 a multiple of 102?
False
Is 379758 a multiple of 379?
True
Does 137 divide 83433?
True
Is 559696 a multiple of 16?
True
Does 76 divide 480356?
False
Is 48646 even?
True
Is 171 a factor of 3840398?
False
Is 265163 a multiple of 38?
False
Is 56 a factor of 8568056?
True
Is 2013729 a multiple of 4?
False
Is 9 a factor of 1152693?
True
Is 2730 a multiple of 3?
True
Is 6406860 a multiple of 10?
True
Is 603 a factor of 18517123?
False
Is 20 a factor of 915808?
False
Does 1505 divide 2052820?
True
Is 10 a factor of 115430?
True
Is 188 a factor of 1670411?
False
Is 570 a factor of 334590?
True
Is 73109 a multiple of 97?
False
Is 35 a factor of 1108485?
True
Does 72 divide 690414?
False
Is 127566 a multiple of 171?
True
Is 247330 a multiple of 43?
False
Is 1418 a factor of 23036146?
False
Is 24 a factor of 8871569?
False
Does 8 divide 31230?
False
Does 31 divide 243975?
False
Is 1932218 a multiple of 11?
False
Is 20 a factor of 6580?
True
Is 217 a factor of 845737?
False
Is 124561 a multiple of 303?
False
Does 61 divide 504400?
False
Is 381 a factor of 129921?
True
Does 3 divide 203822?
False
Is 30159 a multiple of 20?
False
Is 2467049 a multiple of 23?
True
Is 14 a factor of 834897?
False
Does 356 divide 157735?
False
Does 99 divide 174933?
True
Does 25 divide 1365289?
False
Is 1064 a factor of 948024?
True
Is 92 a factor of 202400?
True
Does 124 divide 4615614?
False
Is 20 a factor of 8039840?
True
Is 5451396 a multiple of 1473?
False
Is 1191190 a multiple of 98?
True
Is 5 a factor of 21145?
True
Is 30 a factor of 2125382?
False
Is 471 a factor of 1374378?
True
Does 380 divide 2086038?
False
Is 28388 a multiple of 122?
False
Is 1595270 a multiple of 24?
False
Is 225986 a multiple of 38?
True
Is 26143 a multiple of 8?
False
Is 412060 a multiple of 220?
True
Is 791039 a multiple of 163?
True
Is 440 a factor of 640200?
True
Is 957645 a multiple of 948?
False
Does 320 divide 868617?
False
Is 27 a factor of 1441850?
False
Is 768018 a multiple of 378?
False
Is 182028 a multiple of 6?
True
Is 16 a factor of 1503136?
True
Does 9 divide 4863569?
False
Is 17 a factor of 1111256?
True
Does 23 divide 958985?
True
Is 45 a factor of 96165?
True
Is 9034744 a multiple of 16?
False
Does 84 divide 6973626?
False
Is 4919706 a multiple of 1880?
False
Does 20 divide 2680520?
True
Is 156 a factor of 101795?
False
Does 389 divide 5499821?
False
Does 8 divide 149403?
False
Is 22 a factor of 9344676?
True
Is 217 a factor of 742227?
False
Is 89 a factor of 348613?
True
Is 6 a factor of 123026?
False
Does 281 divide 121315?
False
Does 63 divide 65327?
False
Does 9 divide 10368?
True
Is 14 a factor of 6172786?
False
Does 323 divide 3046640?
False
Is 158978 a multiple of 53?
False
Is 254016 a multiple of 84?
True
Is 100926 a multiple of 18?
True
Does 295 divide 1426896?
False
Does 27 divide 1238626?
False
Is 10 a factor of 9283426?
False
Is 2491138 a multiple of 117?
False
Is 128539 a multiple of 9?
False
Is 5926983 a multiple of 93?
True
Does 15 divide 46830?
True
Is 3641940 a multiple of 12?
True
Is 40 a factor of 225840?
True
Is 19980 a multiple of 81?
False
Does 28 divide 20139672?
True
Is 68224 a multiple of 82?
True
Does 298 divide 975254?
False
Is 404417 a multiple of 49?
False
Is 161986 a multiple of 107?
False
Is 119 a factor of 1760724?
True
Does 80 divide 9842880?
True
Is 130 a factor of 1387958?
False
Is 229050 a multiple of 150?
True
Is 190598 a multiple of 4?
False
Is 19 a factor of 231895?
True
Is 24 a factor of 774408?
True
Is 5926 even?
True
Does 17 divide 2113114?
False
Does 72 divide 2619103?
False
Does 19 divide 33902616?
False
Is 29 a factor of 1409112?
False
Is 7986586 a multiple of 291?
False
Is 4 a factor of 4627?
False
Does 30 divide 264900?
True
Is 76 a factor of 140412?
False
Is 322 a factor of 5059236?
False
Does 169 divide 474721?
True
Is 12 a factor of 1233144?
True
Is 773148 a multiple of 13?
False
Does 4 divide 88239?
False
Is 45 a factor of 2644560?
True
Is 101 a factor of 677104?
True
Does 448 divide 986944?
True
Is 47 a factor of 1550389?
True
Is 6 a factor of 4422?
True
Is 51 a factor of 4740705?
True
Is 38150 a multiple of 11?
False
Is 5804480 a multiple of 160?
True
Does 26 divide 5582655?
False
Is 88 a factor of 1254094?
False
Does 796 divide 176712?
True
Is 306 a factor of 277542?
True
Is 1269 a factor of 5833547?
False
Is 1564002 a multiple of 44?
False
Is 4 a factor of 392684?
True
Is 193938 a multiple of 6?
True
Does 93 divide 9092754?
False
Is 5 a factor of 127895?
True
Is 230 a factor of 96758?
False
Does 19 divide 483696?
False
Is 40 a factor of 29727?
False
Does 218 divide 3459442?
True
Is 238 a factor of 1480836?
True
Does 71 divide 1931413?
True
Is 3402633 a multiple of 26?
False
Is 7 a factor of 631089?
False
Is 314280 a multiple of 194?
True
Does 3 divide 14613?
True
Is 1283158 a multiple of 89?
False
Does 15 divide 573531?
False
Is 180 a factor of 18305998?
False
Is 16 a factor of 99280?
True
Is 7696916 a multiple of 177?
False
Does 137 divide 130282?
False
Is 15897370 a multiple of 23?
True
Is 1376985 a multiple of 41?
True
Is 168 a factor of 2125704?
True
Is 370480 a multiple of 5?
True
Is 68 a factor of 10275?
False
Is 21 a factor of 1870848?
True
Is 143899 a multiple of 109?
False
Is 919252 a multiple of 186?
False
Is 55 a factor of 95095?
True
Does 271 divide 28455?
True
Is 3164522 a multiple of 3?
False
Is 281190 a multiple of 182?
True
Is 90 a factor of 198720?
True
Does 29 divide 279067?
True
Is 1426445 a multiple of 43?
False
Does 39 divide 175344?
True
Is 21 a factor of 171710?
False
Is 44595 a multiple of 15?
True
Is 351 a factor of 6370789?
False
Is 101660 a multiple of 22?
False
Is 18323590 a multiple of 793?
False
Does 206 divide 197420?
False
Does 7 divide 76123?
False
Does 76 divide 13498094?
False
Is 220336 a multiple of 121?
False
Is 4858809 a multiple of 89?
False
Is 109206 a multiple of 576?
False
Is 14 a factor of 2880178?
True
Is 31 a factor of 3886408?
True
Is 31 a factor of 21198?
False
Is 1470139 a multiple of 11?
True
Is 17802 a multiple of 207?
True
Is 9031100 a multiple of 650?
True
Is 66 a factor of 123944?
False
Is 51696 a multiple of 18?
True
Is 24547224 a multiple of 348?
True
Is 45 a factor of 66825?
True
Does 88 divide 1634980?
False
Is 121292 a multiple of 119?
False
Is 2501448 a multiple of 48?
False
Does 848 divide 1604232?
False
Is 394 a factor of 520817?
False
Does 137 divide 8491123?
True
Is 17171681 a multiple of 2254?
False
Is 256 a factor of 2560125?
False
Is 74974 a multiple of 11?
False
Does 55 divide 260290?
False
Does 49 divide 2498216?
True
Is 488 a factor of 1570355?
False
Is 25 a factor of 93162?
False
Does 225 divide 129600?
True
Is 6 a factor of 112198?
False
Does 9 divide 444276?
True
Is 25 a factor of 5826744?
False
Is 2467080 a multiple of 15?
True
Does 21 divide 3639048?
True
Is 8 a factor of 5568864?
True
Does 95 divide 392920?
True
Is 12 a factor of 278605?
False
Is 6 a factor of 73218?
True
Is 77726 a multiple of 63?
False
Is 719199 a multiple of 70?
False
Is 1231696 a multiple of 366?
False
Is 85 a factor of 629340?
True
Does 27 divide 451251?
True
Is 28 a factor of 28769?
False
Is 1759788 a multiple of 9?
True
Is 14671272 a multiple of 24?
True
Is 2096579 a multiple of 240?
False
Is 111 a factor of 288609?
False
Is 230979 a multiple of 357?
True
Is 68 a factor of 114648?
True
Is 511277 a multiple of 67?
True
Is 3085867